{"version":"1.0","provider_name":"Sz\u00edvk\u00f6r\u00f6k","provider_url":"https:\/\/szivkorok.cafeblog.hu","author_name":"Veronika Farfan","author_url":"https:\/\/szivkorok.cafeblog.hu\/author\/veronika_farfan\/","title":"Lorem ipsum","html":"<p>Avagy az els\u0151 pr\u00f3ba, amely ezt a blogot most ell\u00f6ki a partr\u00f3l, egy jelenleg er\u0151sebb sodr\u00e1s\u00fa foly\u00f3 k\u00f6zep\u00e9re.<\/p>\r\n<p>A szemelv\u00e9nyek c\u00e9lja egyszerre irodalmi \u00e9s emberi, vagyis olvashat\u00f3an \u00e9s \u00e9lvezhet\u0151en megfogni mindazt az ill\u00e9kony kontextust, amely \u00e1ltal itt a fizikai vil\u00e1gban l\u00e9tezem. Gondolatok, kapcsolatok, l\u00e1t\u00e1s, hall\u00e1s, tapint\u00e1s.<\/p>","type":"rich"}

Szívkörök

<p>Avagy az első próba, amely ezt a blogot most ellöki a partról, egy jelenleg erősebb sodrású folyó közepére.</p>
<p>A szemelvények célja egyszerre irodalmi és emberi, vagyis olvashatóan és élvezhetően megfogni mindazt az illékony kontextust, amely által itt a fizikai világban létezem. Gondolatok, kapcsolatok, látás, hallás, tapintás.</p>
